3717
What are the prime factors of 1061583943?
7, 2099, 72251
List the prime factors of 582810944.
2, 1987, 4583
What are the prime factors of 223757504?
2, 29, 31, 3889
List the prime factors of 1563300906.
2, 3, 401, 649751
What are the prime factors of 1404954910?
2, 5, 43, 3267337
List the prime factors of 15835529.
103, 153743
List the prime factors of 1076445142.
2, 29, 127, 317, 461
List the prime factors of 6271454025.
3, 5, 997, 9319
What are the prime factors of 91872349?
41, 2240789
List the prime factors of 533109556.
2, 7, 2473, 7699
What are the prime factors of 107892194?
2, 563, 95819
What are the prime factors of 190029306?
2, 3, 31671551
List the prime factors of 97994969.
1327, 73847
List the prime factors of 185550076.
2, 46387519
What are the prime factors of 2017351896?
2, 3, 7, 23, 163, 3203
List the prime factors of 10819328.
2, 13, 3251
List the prime factors of 653678488.
2, 81709811
What are the prime factors of 82446102?
2, 3, 4580339
What are the prime factors of 1330081973?
11, 23, 73, 6547
What are the prime factors of 1645364317?
23, 41, 1744819
List the prime factors of 188708653.
7, 17, 32363
List the prime factors of 1221676846.
2, 13, 46987571
What are the prime factors of 20258823?
3, 13, 519457
What are the prime factors of 311553608?
2, 38944201
What are the prime factors of 1408615066?
2, 109, 6461537
What are the prime factors of 17250081?
3, 19, 47, 137
What are the prime factors of 704965282?
2, 7, 17, 2962039
List the prime factors of 666076094.
2, 333038047
What are the prime factors of 1469594229?
3, 53, 9242731
What are the prime factors of 481135965?
3, 5, 23, 31, 44987
List the prime factors of 414809283.
3, 7, 823, 24001
What are the prime factors of 95859057?
3, 7, 463, 9859
What are the prime factors of 1165015750?
2, 5, 131, 35573
What are the prime factors of 1407705?
3, 5, 13, 7219
List the prime factors of 925007433.
3, 7, 2003, 21991
List the prime factors of 1890769351.
2687, 703673
What are the prime factors of 49440144?
2, 3, 13, 79231
List the prime factors of 128053056.
2, 3, 673, 991
List the prime factors of 211858667.
653, 324439
What are the prime factors of 297716921?
337, 883433
List the prime factors of 14980131.
3, 1664459
List the prime factors of 648636165.
3, 5, 433, 33289
List the prime factors of 425805756.
2, 3, 35483813
List the prime factors of 641463928.
2, 7, 23, 101, 4931
What are the prime factors of 782636214?
2, 3, 5009, 26041
What are the prime factors of 280878420?
2, 3, 5, 17, 275371
What are the prime factors of 1775595099?
3, 311, 1903103
What are the prime factors of 66460047?
3, 67, 71, 4657
What are the prime factors of 1637052767?
7, 233864681
List the prime factors of 110185703.
29, 61, 199, 313
List the prime factors of 1957240319.
37, 271, 195197
What are the prime factors of 1294339276?
2, 223, 1451053
What are the prime factors of 636689233?
757, 841069
List the prime factors of 135349291.
7, 11, 17, 103399
List the prime factors of 3146267491.
12239, 257069
List the prime factors of 1082672058.
2, 3, 13, 13880411
List the prime factors of 71027653.
461, 154073
What are the prime factors of 32790331?
7, 17, 275549
List the prime factors of 1272393666.
2, 3, 37, 487, 3923
What are the prime factors of 378662924?
2, 94665731
What are the prime factors of 6054368709?
3, 2018122903
List the prime factors of 3799274988.
2, 3, 17, 18623897
What are the prime factors of 357467183?
357467183
List the prime factors of 4152477.
3, 7, 79, 2503
List the prime factors of 369299306.
2, 184649653
What are the prime factors of 66805946?
2, 4093, 8161
What are the prime factors of 985964919?
3, 47, 151, 46309
List the prime factors of 63827879.
157, 406547
What are the prime factors of 103279294?
2, 67, 770741
List the prime factors of 29526071.
5281, 5591
List the prime factors of 345858815.
5, 1873, 36931
What are the prime factors of 68920216?
2, 241, 35747
What are the prime factors of 2584519?
7, 421, 877
List the prime factors of 1678625861.
11, 3457, 4013
What are the prime factors of 782420186?
2, 47, 8323619
What are the prime factors of 1623268577?
7, 53, 4375387
What are the prime factors of 301149060?
2, 3, 5, 139, 36109
List the prime factors of 5734378527.
3, 683, 2798623
What are the prime factors of 3281913921?
3, 11, 13, 31, 41, 463
What are the prime factors of 685139414?
2, 523, 719, 911
List the prime factors of 19272502.
2, 9636251
What are the prime factors of 160370047?
160370047
What are the prime factors of 717469827?
3, 5557, 43037
List the prime factors of 111454318.
2, 41, 347, 3917
List the prime factors of 940364556.
2, 3, 29, 2702197
List the prime factors of 26791701.
3, 8930567
List the prime factors of 1422529837.
29, 3461, 14173
List the prime factors of 11750923.
877, 13399
List the prime factors of 1602782.
2, 43, 18637
What are the prime factors of 63412703?
17, 3730159
What are the prime factors of 2197262905?
5, 439452581
List the prime factors of 1115404750.
2, 5, 367, 12157
List the prime factors of 1681889380.
2, 5, 3049, 27581
What are the prime factors of 124726629?
3, 109, 191, 1997
List the prime factors of 42981827.
7, 37, 263, 631
What are the prime factors of 36961598?
2, 23, 803513
What are the prime factors of 64983392?
2, 2030731
List the prime factors of 1607161.
223, 7207
What are the prime factors of 1691694401?
1627, 1039763
What are the prime factors of 79837993?
197, 405269
List the prime factors of 76766523.
3, 67, 617, 619
What are the prime factors of 2510076576?
2, 3, 7, 3735233
List the prime factors of 786356409.
3, 5261, 49823
What are the prime factors of 202229660?
2, 5, 10111483
List the prime factors of 157718324.
2, 43, 89, 10303
What are the prime factors of 392324005?
5, 389, 201709
List the prime factors of 358442355.
3, 5, 79, 302483
What are the prime factors of 10430267?
10430267
List the prime factors of 205364453.
7, 53, 553543
What are the prime factors of 810288?
2, 3, 17, 331
What are the prime factors of 86439016?
2, 17, 47, 13523
List the prime factors of 1992481265.
5, 19, 37, 566851
What are the prime factors of 790383769?
7, 16130281
List the prime factors of 225326534.
2, 17, 6627251
What are the prime factors of 628956287?
157, 4006091
List the prime factors of 572035973.
4177, 136949
List the prime factors of 72455948.
2, 18113987
What are the prime factors of 511013727?
3, 7, 17, 29, 16453
List the prime factors of 121784947.
967, 125941
List the prime factors of 333689359.
23, 14508233
What are the prime factors of 344224041?
3, 7, 17, 964213
What are the prime factors of 3789079051?
17, 222887003
List the prime factors of 496956660.
2, 3, 5, 31, 397, 673
List the prime factors of 2648097016.
2, 463, 547, 1307
List the prime factors of 1624527122.
2, 23, 59, 619, 967
List the prime factors of 483815752.
2, 7, 8639567
What are the prime factors of 5854203074?
2, 709, 4128493
List the prime factors of 1449312343.
19, 131, 179, 3253
List the prime factors of 43248824.
2, 5406103
What are the prime factors of 274628610?
2, 3, 5, 127, 8009
List the prime factors of 82360285.
5, 7, 881, 2671
List the prime factors of 15977507.
7, 13, 337, 521
List the prime factors of 367874796.
2, 3, 41, 747713
List the prime factors of 472435072.
2, 3690899
What are the prime factors of 71875971?
3, 641, 4153
List the prime factors of 5190210721.
17, 73, 149, 28069
What are the prime factors of 549080754?
2, 3, 193, 474163
What are the prime factors of 206814755?
5, 7, 5908993
List the prime factors of 147703991.
2297, 64303
List the prime factors of 4746398458.
2, 283, 8385863
List the prime factors of 703463715.
3, 5, 3061, 5107
What are the prime factors of 676397128?
2, 11, 7686331
List the prime factors of 427791933.
3, 47532437
List the prime factors of 1992414344.
2, 1171, 212683
What are the prime factors of 1385779219?
11, 163, 811, 953
What are the prime factors of 344393908?
2, 29, 2968913
What are the prime factors of 1012295775?
3, 5, 19, 710383
List the prime factors of 53475123.
3, 13, 1371157
List the prime factors of 2468721494.
2, 547, 2256601
List the prime factors of 918165762.
2, 3, 51009209
List the prime factors of 147820488.
2, 3, 59, 104393
What are the prime facto